{"id":86,"date":"2019-11-25T14:35:16","date_gmt":"2019-11-25T13:35:16","guid":{"rendered":"https:\/\/yachting-home.com\/blog\/?page_id=86"},"modified":"2019-11-25T14:41:08","modified_gmt":"2019-11-25T13:41:08","slug":"informations-legales","status":"publish","type":"page","link":"https:\/\/www.yachting-home.com\/blog\/informations-legales\/","title":{"rendered":"Informations l\u00e9gales"},"content":{"rendered":"\n<h3 class=\"wp-block-heading\">Editeur<\/h3>\n\n\n\n<p>Esprit Yachting&nbsp;\u2022&nbsp;SARL au capital social de 70&nbsp;000 \u20ac<br>RCS&nbsp;de La Rochelle 481&nbsp;357&nbsp;135<\/p>\n\n\n\n<p>Rue Fernand Herv\u00e9 &#8211; BP33042 &#8211; 17031 La Rochelle Cedex 1 &#8211; France<br><a rel=\"noreferrer noopener\" href=\"https:\/\/www.bateaux.info\/\" target=\"_blank\">Contactez-nous<\/a><\/p>\n\n\n\n<h3 class=\"wp-block-heading\">Directeur de la publication<\/h3>\n\n\n\n<p>Thomas SPRIET<\/p>\n\n\n\n<h3 class=\"wp-block-heading\">H\u00e9bergeur<\/h3>\n\n\n\n<p>PHPNET FRANCE \u2022  N\u00b0 SIRET 451878128 00037<\/p>\n\n\n\n<p>97-97 bis rue du g\u00e9n\u00e9ral Mangin &#8211; 38100 Grenoble &#8211; France<\/p>\n\n\n\n<h3 class=\"wp-block-heading\">Conditions d&rsquo;utilisation<\/h3>\n\n\n\n<p>Yachting Home met \u00e0 votre disposition sur ce site Web des informations, documents, produits et services soumis aux termes et conditions pr\u00e9sent\u00e9s dans ce document. En acc\u00e9dant \u00e0 ce Site, vous en acceptez les Conditions d&rsquo;utilisation. <\/p>\n\n\n\n<p>Yachting Home se r\u00e9serve le droit de modifier les Conditions d&rsquo;Utilisation de temps \u00e0 autre, \u00e0 sa seule discr\u00e9tion. Votre utilisation du Site sera soumise \u00e0 la version la plus r\u00e9cente des Conditions d&rsquo;utilisation post\u00e9e sur le Site au moment de cette utilisation. <\/p>\n","protected":false},"excerpt":{"rendered":"<p>Editeur Esprit Yachting&nbsp;\u2022&nbsp;SARL au capital social de 70&nbsp;000 \u20acRCS&nbsp;de La Rochelle 481&nbsp;357&nbsp;135 Rue Fernand Herv\u00e9 &#8211; BP33042 &#8211; 17031 La Rochelle Cedex 1 &#8211; FranceContactez-nous Directeur de la publication Thomas SPRIET H\u00e9bergeur PHPNET FRANCE \u2022 N\u00b0 SIRET 451878128 00037 97-97 bis rue du g\u00e9n\u00e9ral Mangin &#8211; 38100 Grenoble &#8211; France Conditions d&rsquo;utilisation Yachting Home met [&hellip;]<\/p>\n","protected":false},"author":1,"featured_media":0,"parent":0,"menu_order":0,"comment_status":"closed","ping_status":"closed","template":"","meta":{"footnotes":""},"class_list":["post-86","page","type-page","status-publish","czr-hentry"],"yoast_head":"<!-- This site is optimized with the Yoast SEO plugin v26.4 - https:\/\/yoast.com\/wordpress\/plugins\/seo\/ -->\n<title>Informations l\u00e9gales - Yachting Home<\/title>\n<meta name=\"robots\" content=\"index, follow, max-snippet:-1, max-image-preview:large, max-video-preview:-1\" \/>\n<link rel=\"canonical\" href=\"https:\/\/www.yachting-home.com\/blog\/informations-legales\/\" \/>\n<meta property=\"og:locale\" content=\"fr_FR\" \/>\n<meta property=\"og:type\" content=\"article\" \/>\n<meta property=\"og:title\" content=\"Informations l\u00e9gales - Yachting Home\" \/>\n<meta property=\"og:description\" content=\"Editeur Esprit Yachting&nbsp;\u2022&nbsp;SARL au capital social de 70&nbsp;000 \u20acRCS&nbsp;de La Rochelle 481&nbsp;357&nbsp;135 Rue Fernand Herv\u00e9 &#8211; BP33042 &#8211; 17031 La Rochelle Cedex 1 &#8211; FranceContactez-nous Directeur de la publication Thomas SPRIET H\u00e9bergeur PHPNET FRANCE \u2022 N\u00b0 SIRET 451878128 00037 97-97 bis rue du g\u00e9n\u00e9ral Mangin &#8211; 38100 Grenoble &#8211; France Conditions d&rsquo;utilisation Yachting Home met [&hellip;]\" \/>\n<meta property=\"og:url\" content=\"https:\/\/www.yachting-home.com\/blog\/informations-legales\/\" \/>\n<meta property=\"og:site_name\" content=\"Yachting Home\" \/>\n<meta property=\"article:publisher\" content=\"https:\/\/www.facebook.com\/yachtinghome\/\" \/>\n<meta property=\"article:modified_time\" content=\"2019-11-25T13:41:08+00:00\" \/>\n<meta name=\"twitter:card\" content=\"summary_large_image\" \/>\n<meta name=\"twitter:label1\" content=\"Dur\u00e9e de lecture estim\u00e9e\" \/>\n\t<meta name=\"twitter:data1\" content=\"1 minute\" \/>\n<script type=\"application\/ld+json\" class=\"yoast-schema-graph\">{\"@context\":\"https:\/\/schema.org\",\"@graph\":[{\"@type\":\"WebPage\",\"@id\":\"https:\/\/www.yachting-home.com\/blog\/informations-legales\/\",\"url\":\"https:\/\/www.yachting-home.com\/blog\/informations-legales\/\",\"name\":\"Informations l\u00e9gales - Yachting Home\",\"isPartOf\":{\"@id\":\"https:\/\/www.yachting-home.com\/blog\/#website\"},\"datePublished\":\"2019-11-25T13:35:16+00:00\",\"dateModified\":\"2019-11-25T13:41:08+00:00\",\"breadcrumb\":{\"@id\":\"https:\/\/www.yachting-home.com\/blog\/informations-legales\/#breadcrumb\"},\"inLanguage\":\"fr-FR\",\"potentialAction\":[{\"@type\":\"ReadAction\",\"target\":[\"https:\/\/www.yachting-home.com\/blog\/informations-legales\/\"]}]},{\"@type\":\"BreadcrumbList\",\"@id\":\"https:\/\/www.yachting-home.com\/blog\/informations-legales\/#breadcrumb\",\"itemListElement\":[{\"@type\":\"ListItem\",\"position\":1,\"name\":\"Accueil\",\"item\":\"https:\/\/www.yachting-home.com\/blog\/\"},{\"@type\":\"ListItem\",\"position\":2,\"name\":\"Informations l\u00e9gales\"}]},{\"@type\":\"WebSite\",\"@id\":\"https:\/\/www.yachting-home.com\/blog\/#website\",\"url\":\"https:\/\/www.yachting-home.com\/blog\/\",\"name\":\"Blog Yachting Home\",\"description\":\"Des conseils et astuces pour votre confort \u00e0 bord\",\"publisher\":{\"@id\":\"https:\/\/www.yachting-home.com\/blog\/#organization\"},\"potentialAction\":[{\"@type\":\"SearchAction\",\"target\":{\"@type\":\"EntryPoint\",\"urlTemplate\":\"https:\/\/www.yachting-home.com\/blog\/?s={search_term_string}\"},\"query-input\":{\"@type\":\"PropertyValueSpecification\",\"valueRequired\":true,\"valueName\":\"search_term_string\"}}],\"inLanguage\":\"fr-FR\"},{\"@type\":\"Organization\",\"@id\":\"https:\/\/www.yachting-home.com\/blog\/#organization\",\"name\":\"Yachting Home\",\"url\":\"https:\/\/www.yachting-home.com\/blog\/\",\"logo\":{\"@type\":\"ImageObject\",\"inLanguage\":\"fr-FR\",\"@id\":\"https:\/\/www.yachting-home.com\/blog\/#\/schema\/logo\/image\/\",\"url\":\"https:\/\/www.yachting-home.com\/blog\/wp-content\/uploads\/2025\/06\/logo-YH-2.jpg\",\"contentUrl\":\"https:\/\/www.yachting-home.com\/blog\/wp-content\/uploads\/2025\/06\/logo-YH-2.jpg\",\"width\":1384,\"height\":357,\"caption\":\"Yachting Home\"},\"image\":{\"@id\":\"https:\/\/www.yachting-home.com\/blog\/#\/schema\/logo\/image\/\"},\"sameAs\":[\"https:\/\/www.facebook.com\/yachtinghome\/\",\"https:\/\/fr.pinterest.com\/yachtinghome\/\",\"https:\/\/www.instagram.com\/yachting_home\/\"]}]}<\/script>\n<!-- \/ Yoast SEO plugin. -->","yoast_head_json":{"title":"Informations l\u00e9gales - Yachting Home","robots":{"index":"index","follow":"follow","max-snippet":"max-snippet:-1","max-image-preview":"max-image-preview:large","max-video-preview":"max-video-preview:-1"},"canonical":"https:\/\/www.yachting-home.com\/blog\/informations-legales\/","og_locale":"fr_FR","og_type":"article","og_title":"Informations l\u00e9gales - Yachting Home","og_description":"Editeur Esprit Yachting&nbsp;\u2022&nbsp;SARL au capital social de 70&nbsp;000 \u20acRCS&nbsp;de La Rochelle 481&nbsp;357&nbsp;135 Rue Fernand Herv\u00e9 &#8211; BP33042 &#8211; 17031 La Rochelle Cedex 1 &#8211; FranceContactez-nous Directeur de la publication Thomas SPRIET H\u00e9bergeur PHPNET FRANCE \u2022 N\u00b0 SIRET 451878128 00037 97-97 bis rue du g\u00e9n\u00e9ral Mangin &#8211; 38100 Grenoble &#8211; France Conditions d&rsquo;utilisation Yachting Home met [&hellip;]","og_url":"https:\/\/www.yachting-home.com\/blog\/informations-legales\/","og_site_name":"Yachting Home","article_publisher":"https:\/\/www.facebook.com\/yachtinghome\/","article_modified_time":"2019-11-25T13:41:08+00:00","twitter_card":"summary_large_image","twitter_misc":{"Dur\u00e9e de lecture estim\u00e9e":"1 minute"},"schema":{"@context":"https:\/\/schema.org","@graph":[{"@type":"WebPage","@id":"https:\/\/www.yachting-home.com\/blog\/informations-legales\/","url":"https:\/\/www.yachting-home.com\/blog\/informations-legales\/","name":"Informations l\u00e9gales - Yachting Home","isPartOf":{"@id":"https:\/\/www.yachting-home.com\/blog\/#website"},"datePublished":"2019-11-25T13:35:16+00:00","dateModified":"2019-11-25T13:41:08+00:00","breadcrumb":{"@id":"https:\/\/www.yachting-home.com\/blog\/informations-legales\/#breadcrumb"},"inLanguage":"fr-FR","potentialAction":[{"@type":"ReadAction","target":["https:\/\/www.yachting-home.com\/blog\/informations-legales\/"]}]},{"@type":"BreadcrumbList","@id":"https:\/\/www.yachting-home.com\/blog\/informations-legales\/#breadcrumb","itemListElement":[{"@type":"ListItem","position":1,"name":"Accueil","item":"https:\/\/www.yachting-home.com\/blog\/"},{"@type":"ListItem","position":2,"name":"Informations l\u00e9gales"}]},{"@type":"WebSite","@id":"https:\/\/www.yachting-home.com\/blog\/#website","url":"https:\/\/www.yachting-home.com\/blog\/","name":"Blog Yachting Home","description":"Des conseils et astuces pour votre confort \u00e0 bord","publisher":{"@id":"https:\/\/www.yachting-home.com\/blog\/#organization"},"potentialAction":[{"@type":"SearchAction","target":{"@type":"EntryPoint","urlTemplate":"https:\/\/www.yachting-home.com\/blog\/?s={search_term_string}"},"query-input":{"@type":"PropertyValueSpecification","valueRequired":true,"valueName":"search_term_string"}}],"inLanguage":"fr-FR"},{"@type":"Organization","@id":"https:\/\/www.yachting-home.com\/blog\/#organization","name":"Yachting Home","url":"https:\/\/www.yachting-home.com\/blog\/","logo":{"@type":"ImageObject","inLanguage":"fr-FR","@id":"https:\/\/www.yachting-home.com\/blog\/#\/schema\/logo\/image\/","url":"https:\/\/www.yachting-home.com\/blog\/wp-content\/uploads\/2025\/06\/logo-YH-2.jpg","contentUrl":"https:\/\/www.yachting-home.com\/blog\/wp-content\/uploads\/2025\/06\/logo-YH-2.jpg","width":1384,"height":357,"caption":"Yachting Home"},"image":{"@id":"https:\/\/www.yachting-home.com\/blog\/#\/schema\/logo\/image\/"},"sameAs":["https:\/\/www.facebook.com\/yachtinghome\/","https:\/\/fr.pinterest.com\/yachtinghome\/","https:\/\/www.instagram.com\/yachting_home\/"]}]}},"_links":{"self":[{"href":"https:\/\/www.yachting-home.com\/blog\/wp-json\/wp\/v2\/pages\/86","targetHints":{"allow":["GET"]}}],"collection":[{"href":"https:\/\/www.yachting-home.com\/blog\/wp-json\/wp\/v2\/pages"}],"about":[{"href":"https:\/\/www.yachting-home.com\/blog\/wp-json\/wp\/v2\/types\/page"}],"author":[{"embeddable":true,"href":"https:\/\/www.yachting-home.com\/blog\/wp-json\/wp\/v2\/users\/1"}],"replies":[{"embeddable":true,"href":"https:\/\/www.yachting-home.com\/blog\/wp-json\/wp\/v2\/comments?post=86"}],"version-history":[{"count":2,"href":"https:\/\/www.yachting-home.com\/blog\/wp-json\/wp\/v2\/pages\/86\/revisions"}],"predecessor-version":[{"id":97,"href":"https:\/\/www.yachting-home.com\/blog\/wp-json\/wp\/v2\/pages\/86\/revisions\/97"}],"wp:attachment":[{"href":"https:\/\/www.yachting-home.com\/blog\/wp-json\/wp\/v2\/media?parent=86"}],"curies":[{"name":"wp","href":"https:\/\/api.w.org\/{rel}","templated":true}]}}